5, what is 2 - 2014204004?
-2014204002
In base 5, what is -1323124121 - -2?
-1323124114
In base 10, what is 2792 - -3405?
6197
In base 5, what is -214322234 - 20?
-214322304
In base 8, what is -2 + 150606140?
150606136
In base 4, what is 1203120113 - 2321?
1203111132
In base 2, what is -10001011001010111010011110 - 1001?
-10001011001010111010100111
In base 13, what is 237957 - -2a6?
237c30
In base 6, what is -320441353 - 2?
-320441355
In base 11, what is -8 + 144983?
144976
In base 8, what is -110421 - -5557?
-102642
In base 13, what is -35a5 - 1a04?
-52a9
In base 5, what is -132 + 1013403434?
1013403302
In base 2, what is 1001111011011100010101101010 + 10?
1001111011011100010101101100
In base 16, what is -9767 - -38?
-972f
In base 14, what is -5692 - 138?
-57ca
In base 14, what is -370405 + 17?
-3703cc
In base 3, what is 2 + 20000100020002?
20000100020011
In base 16, what is -67ab + -26d?
-6a18
In base 13, what is -2ac3 + -5b74?
-8967
In base 13, what is -7 + -1bb7c?
-1bb86
In base 6, what is 1332550110 - -10?
1332550120
In base 16, what is a33 - -a5f0?
b023
In base 12, what is -a1 - -a90b?
a82a
In base 9, what is 13 - 3610024?
-3610011
In base 13, what is 1 - -13312c4?
13312c5
In base 16, what is -38de80 - 67?
-38dee7
In base 13, what is 1441 - -3667?
4aa8
In base 2, what is 10100 - 111001101111011110011?
-111001101111011011111
In base 13, what is 1 - -64cc02?
64cc03
In base 12, what is 1 + -824812?
-824811
In base 16, what is 296847f - 5?
296847a
In base 7, what is -3 + -360651342?
-360651345
In base 15, what is -6b48 - 1b?
-6b64
In base 11, what is -667a + -29400?
-34a7a
In base 4, what is -1033 - 31001123?
-31002222
In base 6, what is -3 - 50455051?
-50455054
In base 10, what is 63 + 157985?
158048
In base 10, what is 5355314 + -20?
5355294
In base 9, what is 1256868781 - 5?
1256868775
In base 10, what is 752 - 7472?
-6720
In base 7, what is 111405 + -131?
111244
In base 11, what is 328 - -176167?
176494
In base 7, what is -210 - 202006?
-202216
In base 2, what is -10110011110101111100010 + 1101?
-10110011110101111010101
In base 13, what is 60 + 44b2c69?
44b2cc9
In base 14, what is 10ac + d598?
10666
In base 13, what is -273 + 15324?
15081
In base 12, what is 2 + -88744?
-88742
In base 6, what is 302210 - -25241?
331451
In base 10, what is -76078601 - 4?
-76078605
In base 2, what is -100 + 1101000101010001110111011?
1101000101010001110110111
In base 16, what is a8dc8 - 12?
a8db6
In base 12, what is 24986a2 - -4?
24986a6
In base 3, what is 10020 + 1021201122112?
1021201202202
In base 16, what is 110d5 + -1f8?
10edd
In base 13, what is 16 + -b6226?
-b6210
In base 16, what is -9 - c47572?
-c4757b
In base 14, what is -366c - 360?
-39cc
In base 14, what is 4238d7b - -2?
4238d7d
In base 16, what is 3 + 1bb8b01?
1bb8b04
In base 12, what is 59668 - a00?
58868
In base 6, what is -1201 - 530224?
-531425
In base 13, what is 10abc01 + -ca?
10abb04
In base 8, what is 1075 + 147413?
150510
In base 9, what is 13440844 + 1?
13440845
In base 11, what is -9340 - -4412?
-4a29
In base 5, what is -211344 + -142?
-212041
In base 12, what is 51071120 + -2?
5107111a
In base 6, what is -535115 + -1250?
-540405
In base 9, what is 517 - -60841?
61458
In base 2, what is 1100000 - -111010010010000110110001?
111010010010001000010001
In base 7, what is -2 + 344260256?
344260254
In base 16, what is -423328 + -3?
-42332b
In base 8, what is -457 + 773656?
773177
In base 12, what is 3 - 368a60b?
-368a608
In base 11, what is 431 - -22518?
22949
In base 13, what is -2cb51 + 96?
-2ca88
In base 14, what is -66dd8 + -768?
-67762
In base 13, what is 5 + 3ca9146?
3ca914b
In base 14, what is -2 - -68c061?
68c05d
In base 9, what is -288426108 - -2?
-288426106
In base 13, what is 4 - -40402c?
404033
In base 8, what is -2141 + -5117?
-7260
In base 4, what is -111333331 - 10322?
-112010313
In base 16, what is -417c30 + 21?
-417c0f
In base 2, what is 100100 + 1011011110000010010111?
1011011110000010111011
In base 14, what is 5a4 - 148?
45a
In base 16, what is 2 + -6846f3?
-6846f1
In base 8, what is -5077 - 140205?
-145304
In base 9, what is -5 + -12222451?
-12222456
In base 14, what is -188c085 + -6c?
-188c113
In base 15, what is 634e83 + -4?
634e7e
In base 2, what is 1001 - 11111001110100010011100?
-11111001110100010010011
In base 7, what is -15 - -344036?
344021
In base 4, what is -203311113 - -300022?
-203011031
In base 4, what is 121 + -1002031030?
-1002030303
In base 7, what is -62633326 + 131?
-62633165
In base 10, what is 4 + 308109?
308113
In base 6, what is 2131154 + -101252?
2025502
In base 9, what is 5 + 102534780?
102534785
In base 3, what is -120 - -1022101011020?
1022101010200
In base 7, what is -6051534 + -1?
-6051535
In base 15, what is 9bb + 134e?
1d1a
In base 9, what is 5 + 745728517?
745728523
In base 8, what is -3 - -55521575?
55521572
In base 4, what is -11 - 22301302112011?
-22301302112022
In base 12, what is 144892888 - -5?
144892891
In base 10, what is 1649339 - -23?
1649362
In base 2, what is -10000110000000111000001 - 11?
-10000110000000111000100
In base 2, what is -110001011110010101011 + 1?
-110001011110010101010
In base 3, what is -10001120011211121 - 11?
-10001120011211202
In base 13, what is -46ca17b + 2?
-46ca179
In base 5, what is -323 - 24420034?
-24420412
In base 14, what is 16 + -148c987?
-148c971
In base 16, what is -5 - 1b3fad?
-1b3fb2
In base 15, what is -1 + 159264a3?
159264a2
In base 7, what is -652 - -5611646?
5610664
In base 3, what is -12111020021 - 1201121?
-12112221212
In base 8, what is 0 + -114271663?
-114271663
In base 10, what is -1 - -136352305?
136352304
In base 7, what is 6050 - -34312?
43362
In base 5, what is 4 + -4100232220?
-4100232211
In base 7, what is -1044 - 20205?
-21252
In base 13, what is -4b3038 - a?
-4b3045
In base 5, what is 4 + 300142003?
300142012
In base 16, what is -d982 - 67?
-d9e9
In base 16, what is -7 - -436ae8?
436ae1
In base 16, what is 8 + 40a3bb?
40a3c3
In base 7, what is 335 - 162140?
-161502
In base 6, what is -13554 + 243?
-13311
In base 13, what is 4 - -b2c862?
b2c866
In base 4, what is -3313023233 - 10331?
-3313100230
In base 3, what is 11 - -211101112101?
211101112112
In base 5, what is -112443 - -40332?
-22111
In base 13, what is 264ba - a5?
26415
In base 9, what is 600 + -42850?
-42250
In base 7, what is 6116540 + -46?
6116461
In base 6, what is 123401250 + -22?
123401224
In base 14, what is 2 - a1042b?
-a10429
In base 4, what is 12203011302 + 2?
12203011310
In base 16, what is -12c13 - -28?
-12beb
In base 10, what is -2542 - -9777?
7235
In base 16, what is -2cd07cb - 5?
-2cd07d0
In base 11, what is -a5 - 44a2a9?
-44a3a3
In base 15, what is 8162ac - b?
8162a1
In base 6, what is 122 + 10542?
11104
In base 6, what is -5422534042 - -2?
-5422534040
In base 12, what is -3 - 3b26855?
-3b26858
In base 11, what is -20038a3 - -40?
-2003863
In base 5, what is 10441220122 - -2?
10441220124
In base 3, what is -12011220201 - -2200222?
-12002012202
In base 14, what is -1d - -140d348?
140d329
In base 4, what is -1022 + 2323102331?
2323101303
In base 3, what is -12 + -221022021122211?
-221022021200000
In base 14, what is 59dc - -d7?
5ad5
In base 14, what is 30 + 54c898?
54c8c8
In base 9, what is 1 - 282035432?
-282035431
In base 8, what is -104572422 + -4?
-104572426
In base 4, what is -22313202303 - -10?
-22313202233
In base 11, what is -3 + 7781762?
778175a
In base 8, what is 4 + -246461360?
-246461354
In base 6, what is -11 - 101445532?
-101445543
In base 13, what is 3 + -591a2ba?
-591a2b7
In base 6, what is -12241 + -30344?
-43025
In base 13, what is -168711 + -ac?
-1687c0
In base 13, what is -1989 - 7b94b?
-80607
In base 13, what is 118659c - -a?
11865a9
In base 14, what is 59c31 - -526?
5a357
In base 10, what is -12944 - 846?
-13790
In base 4, what is -123333102 + -11103?
-130010211
In base 7, what is -26021232 + -3?
-26021235
In base 7, what is 142 - -20326014?
20326156
In base 10, what is 4229 - 73829?
-69600
In base 11, what is 3 + 109631026?
109631029
In base 8, what is 533 + 25437?
26172
In base 5, what is -1400 + 312342?
310442
In base 10, what is 14067396 + 2?
14067398
In base 8, what is -36370615 - 32?
-36370647
In base 7, what is -313344512 - 4?
-313344516
In base 14, what is 279b9 - -2196?
29b71